{"id":12,"date":"2014-02-12T07:57:49","date_gmt":"2014-02-12T05:57:49","guid":{"rendered":"http:\/\/www.wls.sav.sk\/?page_id=12"},"modified":"2024-02-27T12:46:56","modified_gmt":"2024-02-27T11:46:56","slug":"2014-2","status":"publish","type":"page","link":"https:\/\/wls.sav.sk\/?page_id=12","title":{"rendered":"Objedn\u00e1vky"},"content":{"rendered":"<p><strong>Objedn\u00e1vky \u010dasopisu v tla\u010denej podobe na e-mailovej adrese: <a href=\"mailto:sap@sappress.sk\">sap@sappress.sk<\/a>\u00a0<\/strong><\/p>\n<p>Distrib\u00facia: Slovak Academic Press, s. r. o.<br \/>\nBazov\u00e1 2, 821 08 Bratislava, Slovensk\u00e1 republika<\/p>\n<p>Cena jedn\u00e9ho \u010d\u00edsla vydan\u00e9ho do roku 2024 je 4 eur\u00e1 (plus po\u0161tovn\u00e9).\u00a0Cena jedn\u00e9ho \u010d\u00edsla vydan\u00e9ho od roku 2024 je 6 eur (plus po\u0161tovn\u00e9).<\/p>\n<p><strong>Ro\u010dn\u00e9\u00a0 predplatn\u00e9\u00a0(4 \u010d\u00edsla) je 24 eur\u00a0(plus po\u0161tovn\u00e9).<\/strong><\/p>\n<p>&nbsp;<\/p>\n<p>Jednotliv\u00e9 \u010d\u00edsla \u010dasopisu v tla\u010denej podobe si m\u00f4\u017eete objedna\u0165 aj \u00dastave svetovej literat\u00fary SAV na\u00a0<a href=\"mailto:ingrid.synakova@savba.sk\"><span id=\"DWT621\" class=\"ZmSearchResult\"><span id=\"DWT629\" class=\"ZmSearchResult\">ingrid<\/span><\/span>.<span id=\"OBJ_PREFIX_DWT622_ZmEmailObjectHandler\" class=\"Object\"><span id=\"OBJ_PREFIX_DWT630_ZmEmailObjectHandler\" class=\"Object\">synakova@savba.sk<\/span><\/span><\/a>.<\/p>\n","protected":false},"excerpt":{"rendered":"<p>Objedn\u00e1vky \u010dasopisu v tla\u010denej podobe na e-mailovej adrese: sap@sappress.sk\u00a0 Distrib\u00facia: Slovak Academic Press, s. r. o. Bazov\u00e1 2, 821 08 Bratislava, Slovensk\u00e1 republika Cena jedn\u00e9ho \u010d\u00edsla vydan\u00e9ho do roku 2024 je 4 eur\u00e1 (plus po\u0161tovn\u00e9).\u00a0Cena jedn\u00e9ho \u010d\u00edsla vydan\u00e9ho od roku 2024 je 6 eur (plus po\u0161tovn\u00e9). Ro\u010dn\u00e9\u00a0 predplatn\u00e9\u00a0(4 \u010d\u00edsla) je 24 eur\u00a0(plus po\u0161tovn\u00e9). &nbsp; Jednotliv\u00e9 \u010d\u00edsla \u010dasopisu v tla\u010denej podobe si m\u00f4\u017eete objedna\u0165 aj \u00dastave svetovej literat\u00fary SAV na\u00a0ingrid.synakova@savba.sk.<\/p>\n","protected":false},"author":1,"featured_media":0,"parent":0,"menu_order":0,"comment_status":"open","ping_status":"open","template":"","meta":[],"_links":{"self":[{"href":"https:\/\/wls.sav.sk\/index.php?rest_route=\/wp\/v2\/pages\/12"}],"collection":[{"href":"https:\/\/wls.sav.sk\/index.php?rest_route=\/wp\/v2\/pages"}],"about":[{"href":"https:\/\/wls.sav.sk\/index.php?rest_route=\/wp\/v2\/types\/page"}],"author":[{"embeddable":true,"href":"https:\/\/wls.sav.sk\/index.php?rest_route=\/wp\/v2\/users\/1"}],"replies":[{"embeddable":true,"href":"https:\/\/wls.sav.sk\/index.php?rest_route=%2Fwp%2Fv2%2Fcomments&post=12"}],"version-history":[{"count":12,"href":"https:\/\/wls.sav.sk\/index.php?rest_route=\/wp\/v2\/pages\/12\/revisions"}],"predecessor-version":[{"id":2550,"href":"https:\/\/wls.sav.sk\/index.php?rest_route=\/wp\/v2\/pages\/12\/revisions\/2550"}],"wp:attachment":[{"href":"https:\/\/wls.sav.sk\/index.php?rest_route=%2Fwp%2Fv2%2Fmedia&parent=12"}],"curies":[{"name":"wp","href":"https:\/\/api.w.org\/{rel}","templated":true}]}}